3
Suppose -115*d = -118*d + 45. Let v = 43 - -2. What is the highest common divisor of d and v?
15
Suppose 92*d - 115*d = -828. Suppose -47 + 1307 = 5*v. Calculate the highest common divisor of d and v.
36
Let o(j) = -762*j + 110. Let w be o(-1). What is the highest common factor of 109 and w?
109
Suppose 5*x + 1 = 16. Suppose x*n = 2*n - 3*j + 131, 0 = -j + 4. Let w = 460 - n. Calculate the greatest common divisor of w and 31.
31
Let q(d) = d**3 - 19*d**2 + 21*d + 41. Let r be q(18). What is the highest common divisor of r and 10?
5
Suppose 0 = 6*t - t - 230. What is the greatest common factor of 736 and t?
46
Let y(z) = -7*z + 10*z + 0*z - 26. Let s be y(9). What is the greatest common factor of 9 and s?
1
Let z be 17/2 + 15/(-10). Let h(l) = 3*l + 3. Let j be h(z). What is the highest common factor of j and 240?
24
Let u(l) = 8*l**3 - l**2 - l + 1. Let a be u(1). Suppose a*s + 16 = 128. What is the highest common divisor of 176 and s?
16
Let v = -5 + 12. Let k(n) = n**3 - 3*n - 2. Let c be k(2). Let i be 2 + 2 - 1*(-3 + c). Calculate the highest common factor of v and i.
7
Let o = -49 - -55. Suppose 0 = -2*b + 65 - 5. What is the highest common divisor of b and o?
6
Let g be (36/(-2))/(-6*(-1)/(-20)). Calculate the highest common factor of 30 and g.
30
Let g(m) = 7*m + 38. Let b be g(-6). Let w be (-4)/(-16) + (-83)/b. What is the highest common divisor of w and 21?
21
Let z be 15/(576/81 + -7). What is the greatest common divisor of z and 180?
45
Suppose 57*h - 47*h = 570. What is the greatest common factor of h and 6?
3
Let l = 289 - 267. Calculate the greatest common factor of 4 and l.
2
Let v be (3 - (2 + -2))*8/(-6). Let c be 2 - (232 - v/4)*-1. Calculate the highest common factor of 94 and c.
47
Let v = -11 - -9. Let t be 172 - ((-16)/v)/(-4). Let w be (-4)/(-22) + t/11. Calculate the highest common factor of w and 64.
16
Suppose 45*c + 30 = 48*c. Suppose q - 46 = -2*s, s + 12 = 5*s. Calculate the greatest common factor of c and q.
10
Suppose 5*m = 2*m + 2*r - 73, -4*m - 2*r - 74 = 0. Let f be 12/(2 + 2) - m. What is the highest common divisor of 40 and f?
8
Let h = -73 + 135. Suppose 4*i - 22 = h. Calculate the greatest common factor of 189 and i.
21
Let w(q) = -22*q - 8. Let g be w(-4). Let c(i) = i + 5. Let p be c(5). What is the greatest common factor of p and g?
10
Let d(x) = -x**3 - 10*x**2 - 25*x - 168. Let l be d(-11). Calculate the highest common divisor of l and 19.
19
Suppose 25*w + 72 = 21*w. Let i be (w/(-15))/(2/45). Calculate the greatest common divisor of 27 and i.
27
Suppose -2*y - w + 143 = 0, -4*y + 5 + 280 = 3*w. Calculate the highest common divisor of y and 112.
8
Let u(a) = 24*a**2 - 14*a. Let c be u(-4). What is the greatest common divisor of 40 and c?
40
Suppose 7*o + 155 = 659. Calculate the highest common factor of o and 24.
24
Let c = 50 + -86. Let x be (0 + -174)*(c/(-8) + -5). What is the highest common divisor of 29 and x?
29
Suppose 5*h - 2*c = 2378, 220*c = -4*h + 216*c + 1908. What is the greatest common divisor of h and 204?
68
Let s = -35 - -45. Suppose 0 = s*z - 8*z - 28. Calculate the highest common factor of 7 and z.
7
Suppose x = 5*n + 2*x + 534, -425 = 4*n + 3*x. Let y = 224 + n. What is the highest common divisor of y and 78?
39
Let v = 6 + 14. Let n = 104 - v. What is the greatest common divisor of 12 and n?
12
Suppose 2*o + 26 = 4*o. Suppose 0 = 2*k - 0*k + 18. Let l be (1 - 7)/(k/156). What is the highest common factor of l and o?
13
Suppose -z + 5*r = 6 + 13, 2*r = 10. What is the highest common divisor of z and 8?
2
Let k(l) = l**3 - l + 7. Let w be k(0). Calculate the highest common factor of 14 and w.
7
Let a(m) = 5*m**2 - 7*m + 6. Suppose -16 = -10*h + 2*h. Let y be a(h). What is the highest common divisor of 30 and y?
6
Suppose 4*t + 8*m - 11*m = 745, -3*m + 543 = 3*t. What is the highest common divisor of 69 and t?
23
Let u be 74 - (-5 + 4/1). What is the highest common divisor of 25 and u?
25
Let t(x) = 12*x. Let y be t(6). Let h be 375/12 + ((-9)/12)/(-1). Suppose 68 = 4*f + h. Calculate the greatest common factor of f and y.
9
Suppose 7*n + 2*n = 0. Let p(d) = -d**2 + 7. Let s be p(n). Let g(a) = a**2 - a - 6. Let t be g(5). What is the highest common divisor of s and t?
7
Let r = 3 - -1. Let n = 183 - 182. What is the greatest common divisor of r and n?
1
Suppose -86*v + 1692 = 402. Let k = 0 - 0. Suppose k = 3*j + 1 - 10. Calculate the highest common factor of j and v.
3
Let z be 28 + -24 + (-1 - 0)*-9. What is the highest common factor of z and 78?
13
Suppose 21*i = 17*i + 8. Suppose -4*o + 52 = 5*s, 2*o - i*s = -4*s + 24. What is the highest common divisor of 1 and o?
1
Let d(q) = 2*q**2 - 15*q - 26. Let t be d(10). Let v = 80 + -20. Calculate the highest common divisor of v and t.
12
Suppose -130*p - 256 = -134*p. Calculate the highest common factor of 8 and p.
8
Suppose -138 = -3*u + 759. Suppose x = d + 51 + 46, u = 3*x + d. Suppose 0 = -3*m + 174 + x. Calculate the highest common factor of 13 and m.
13
Let m be 2 + (0 - 2) + 46. Suppose 134*a - 146*a + 276 = 0. What is the highest common factor of a and m?
23
Let c = -66 + 137. Let m = -27 + c. Let z = 39 + -17. Calculate the greatest common divisor of m and z.
22
Suppose -v + 2*h + 3 = 0, 8*h - 4*h + 1 = v. Suppose -5*g - 9 = -34, -m = -v*g - 14. Let f = -21 - -34. Calculate the highest common factor of m and f.
13
Let n = 199 - -74. Suppose 461 + 163 = 16*x. Calculate the greatest common factor of n and x.
39
Suppose y = 12*y - 253. Calculate the greatest common factor of 667 and y.
23
Let w = 17 - 9. Suppose 0 = 2*n + 3*f - 0*f - 147, -f - 143 = -2*n. What is the greatest common factor of n and w?
8
Suppose -415*j + 419*j = 208. What is the greatest common divisor of 26 and j?
26
Let n(w) = -69*w + 450. Let l be n(6). Calculate the greatest common divisor of 972 and l.
36
Suppose r - 3*k - 85 = -3*r, -85 = -3*r - 2*k. Let h(n) = 9*n + 5. Let c be h(4). Let x = c - r. What is the greatest common factor of 48 and x?
16
Let n = 14 + -22. Let q = n - -23. Suppose q = -3*u, 0 = -3*o + 3*u + 2 + 19. What is the greatest common divisor of o and 14?
2
Suppose -5*m = -4*r - 445 + 1189, -3*m = -4*r + 736. Let b = r + -76. Let x(l) = 119*l - 461. Let q be x(4). What is the greatest common factor of b and q?
15
Let h(q) = -2*q**2 + 9*q + 16. Let k be h(6). Let u be k - 0 - (-138)/18*3. What is the highest common factor of u and 189?
21
Let z be (2 + -6)/((-6)/189). Suppose 19 = -3*p - 2. Let r(t) = -5*t - 21. Let i be r(p). Calculate the highest common divisor of i and z.
14
Suppose 3*m - 92 = -m. Let h = m - -2. Calculate the greatest common factor of h and 175.
25
Suppose -4*f - 54 = -f. Let v = f + 36. Suppose -2*k + 3*k - 3*d - 165 = 0, 805 = 5*k + 5*d. What is the greatest common factor of k and v?
18
Let z be 25/(-10)*-4*(-5)/(-2). Calculate the greatest common factor of 225 and z.
25
Let f be ((-28)/(-12))/(-7) + 7100/(-12). Let l be (f/84 - (-8)/(-28))*-9. Calculate the greatest common divisor of l and 6.
6
Let j be ((-408)/(-18)*1)/((-2)/(-30)). Calculate the highest common factor of j and 20.
20
Suppose -66 = -b - 51. Calculate the greatest common factor of 129 and b.
3
Let c = 6 + 4. Suppose -3*z + z + c = 0. Suppose 3*a + z - 44 = 0. Calculate the greatest common divisor of 13 and a.
13
Let b = -606 + 728. What is the greatest common divisor of b and 183?
61
Let r be (-4)/(-7) + (-34)/(-14). Suppose -2*n + 3*n = -5*b + 13, r*b - 18 = -4*n. What is the highest common factor of n and 3?
3
Let j be 51/(0 + (-2)/(-6)). What is the greatest common divisor of 68 and j?
17
Let v be 1*19 - (-65)/(-13) - -1. What is the greatest common factor of v and 255?
15
Let r(w) = -15 + 18 - 11 - w**2 - w. Let u be r(0). Let a = u - -50. Calculate the highest common divisor of 6 and a.
6
Suppose 81*l - 585 = 655 + 137. Let g be 17/3*1*15. What is the greatest common factor of l and g?
17
Let r be 92 + ((-2)/14 - 11/(-77)). What is the greatest common divisor of r and 1472?
92
Suppose -43*h - 286 = -45*h. Calculate the greatest common divisor of h and 22.
11
Suppose 7*r - 40 + 12 = 0. What is the highest common divisor of 20 and r?
4
Let j = 565 - 536. Let b(p) = -p**3 + 9*p**2 - 9*p + 4. Let u be b(6). Calculate the greatest common div